ivide 1401961?
False
Is 70 a factor of 3632615?
False
Is 984 a factor of 1010568?
True
Is 2509795 a multiple of 5?
True
Does 6 divide 160277?
False
Does 12 divide 435071?
False
Does 2 divide 147283?
False
Does 940 divide 783456?
False
Is 31 a factor of 29760?
True
Does 198 divide 347779?
False
Is 78 a factor of 37284?
True
Does 15 divide 718905?
True
Is 101 a factor of 5016872?
True
Is 4470428 a multiple of 189?
False
Does 93 divide 192138?
True
Does 49 divide 4388225?
False
Does 12 divide 547008?
True
Is 1119314 a multiple of 17?
True
Is 119035 a multiple of 35?
True
Is 17174248 a multiple of 220?
False
Does 63 divide 5361346?
False
Is 441144 a multiple of 557?
True
Is 3 a factor of 104844?
True
Does 18 divide 36272?
False
Is 9400 a multiple of 200?
True
Does 18 divide 212387?
False
Is 303 a factor of 584487?
True
Does 426 divide 5725866?
True
Is 24480 a multiple of 136?
True
Does 32 divide 192320?
True
Is 488 a factor of 10429081?
False
Is 194208 a multiple of 136?
True
Is 22 a factor of 505934?
True
Is 15 a factor of 538024?
False
Does 405 divide 3712258?
False
Is 5787 a multiple of 101?
False
Is 2 a factor of 156577?
False
Does 21 divide 561677?
False
Does 32 divide 478752?
True
Is 1308432 a multiple of 113?
False
Does 26 divide 201682?
True
Does 3 divide 81099?
True
Is 424407 a multiple of 579?
True
Does 77 divide 1721027?
True
Does 6 divide 66927?
False
Does 53 divide 571157?
False
Does 38 divide 5685569?
False
Does 283 divide 3755976?
True
Is 10206 a multiple of 3?
True
Is 435594 a multiple of 19?
True
Is 522 a factor of 220177?
False
Is 1655434 a multiple of 517?
True
Is 31 a factor of 242079?
True
Is 134357 a multiple of 21?
False
Does 15 divide 3317588?
False
Is 293045 a multiple of 27?
False
Is 3667012 a multiple of 18?
False
Is 11833234 a multiple of 946?
False
Is 14 a factor of 83884?
False
Does 55 divide 2951841?
False
Does 288 divide 731520?
True
Is 19440 a multiple of 10?
True
Does 25 divide 5744508?
False
Is 10 a factor of 48640?
True
Is 411 a factor of 415256?
False
Does 10 divide 369312?
False
Is 275778 a multiple of 54?
True
Is 102080 a multiple of 7?
False
Does 749 divide 2031288?
True
Is 1108 a factor of 1407160?
True
Is 14489397 a multiple of 9?
True
Is 21 a factor of 177429?
True
Does 43 divide 529760?
True
Does 27 divide 5426028?
True
Is 58 a factor of 327769?
False
Is 40612 a multiple of 44?
True
Is 51 a factor of 1340951?
False
Is 700 a factor of 9630419?
False
Does 114 divide 1459906?
False
Is 11 a factor of 151384?
False
Is 97 a factor of 1978024?
True
Does 49 divide 595840?
True
Does 34 divide 2391594?
True
Does 7 divide 1057?
True
Does 75 divide 6425?
False
Does 385 divide 1211595?
True
Is 2312352 a multiple of 372?
True
Is 184 a factor of 30962?
False
Is 129 a factor of 330232?
False
Is 13927651 a multiple of 37?
True
Is 144 a factor of 2006496?
True
Is 29 a factor of 15544?
True
Is 45 a factor of 5626013?
False
Is 94 a factor of 284109?
False
Is 8 a factor of 53104?
True
Does 207 divide 184644?
True
Is 94 a factor of 83566?
True
Is 86064 a multiple of 132?
True
Is 76 a factor of 3267157?
False
Does 9 divide 195727?
False
Does 3 divide 14840?
False
Is 8430523 a multiple of 193?
False
Does 26 divide 17974?
False
Does 131 divide 961396?
False
Does 232 divide 160676?
False
Is 211 a factor of 21402859?
False
Is 116 a factor of 10308804?
True
Is 405 a factor of 1108080?
True
Does 34 divide 154122?
True
Is 383045 a multiple of 85?
False
Is 5165304 a multiple of 6?
True
Is 1490852 a multiple of 300?
False
Does 68 divide 13465420?
False
Is 11089528 a multiple of 54?
False
Is 10 a factor of 2874879?
False
Does 12 divide 769625?
False
Is 200 a factor of 1292291?
False
Is 511 a factor of 41902?
True
Does 164 divide 783100?
True
Is 35 a factor of 810478?
False
Does 632 divide 17588560?
True
Does 616 divide 1661352?
True
Is 285536 a multiple of 232?
False
Is 40 a factor of 4471816?
False
Is 3349788 a multiple of 52?
True
Is 588 a factor of 2389173?
False
Is 9843 a multiple of 51?
True
Is 2370239 a multiple of 585?
False
Is 124 a factor of 81065?
False
Does 82 divide 5167968?
True
Is 11781787 a multiple of 1524?
False
Is 141 a factor of 184286?
False
Does 81 divide 1559306?
False
Is 19 a factor of 877470?
False
Is 522576 a multiple of 9?
True
Is 202436 a multiple of 36?
False
Is 137681 a multiple of 92?
False
Is 1778232 a multiple of 8?
True
Is 115714 a multiple of 9?
False
Is 26 a factor of 182086?
False
Is 306 a factor of 1218798?
True
Does 12 divide 296699?
False
Does 703 divide 370394?
False
Is 1621898 a multiple of 19?
False
Is 1189225 a multiple of 23?
False
Is 2920989 a multiple of 381?
False
Is 2285285 a multiple of 16?
False
Is 36876 a multiple of 3?
True
Is 14 a factor of 24278?
False
Does 16 divide 11765872?
True
Does 338 divide 110188?
True
Does 45 divide 2359305?
True
Does 9 divide 77672?
False
Does 14 divide 139602?
False
Does 15 divide 6621143?
False
Is 231 a factor of 27465?
False
Does 119 divide 92820?
True
Does 6 divide 572898?
True
Does 8 divide 1617827?
False
Is 2251728 a multiple of 36?
True
Does 4 divide 941380?
True
Does 18 divide 4122?
True
Is 1083313 a multiple of 13?
False
Is 2736392 a multiple of 17?
False
Is 5572097 a multiple of 132?
False
Is 718912 a multiple of 188?
True
Does 49 divide 579360?
False
Is 61 a factor of 7865343?
False
Does 4 divide 3452?
True
Is 50 a factor of 152629?
False
Is 3776877 a multiple of 18?
False
Does 4 divide 92189?
False
Is 20 a factor of 3574043?
False
Is 35 a factor of 4268425?
True
Does 214 divide 183575?
False
Is 69 a factor of 2716668?
True
Is 5 a factor of 43200?
True
Does 34 divide 192765?
False
Is 257246 a multiple of 11?
True
Is 54352 a multiple of 12?
False
Does 248 divide 175501?
False
Is 11 a factor of 68068?
True
Is 11 a factor of 296840?
False
Is 28 a factor of 3640701?
False
Does 117 divide 3484698?
False
Is 475103 a multiple of 83?
False
Is 74118 a multiple of 33?
True
Does 895 divide 966600?
True
Is 227 a factor of 1082403?
False
Does 20 divide 400256?
False
Is 16 a factor of 1463215?
False
Does 9 divide 7500214?
False
Is 24732 a multiple of 4?
True
Is 23886 a multiple of 6?
True
Is 1956649 a multiple of 692?
False
Is 364 a factor of 195832?
True
Is 112637 a multiple of 12?
False
Is 288 a factor of 4597344?
True
Does 74 divide 470344?
True
Is 21245 a multiple of 18?
False
Does 17 divide 1368806?
True
Is 29 a factor of 491695?
True
Does 47 divide 224974?
False
Does 198 divide 654078?
False
Does 828 divide 1847525?
False
Does 143 divide 114379?
False
Is 1667568 a multiple of 294?
True
Is 15 a factor of 1368030?
True
Is 1009122 a multiple of 46?
False
Is 14 a factor of 685146?
True
Is 340 a factor of 405159?
False
Is 480952 a multiple of 19?
False
Is 110013 a multiple of 8?
False
Does 515 divide 3160040?
True
Does 11 divide 52866?
True
Is 151181 a multiple of 43?
False
Does 215 divide 4647225?
True
Is 404 a factor of 2091119?
False
Is 4 a factor of 79879?
False
Is 314 a factor of 3667206?
True
Does 28 divide 11324755?
False
Does 558 divide 6270526?
False
Does 29 divide 16008157?
False
Does 17 divide 29816096?
True
Does 18 divide 55260?
True
Does 7 divide 1049299?
False
Does 62 divide 2238076?
True
Does 8 divide 64048?
True
Is 13 a factor of 22071?
False
Is 7793856 a multiple of 504?
True
Is 1712135 a multiple of 36?
False
Is 42 a factor of 57918?
True
Is 573 a factor of 2942928?
True
Is 4510080 a multiple of 108?
True
Is 3377178 a multiple of 294?
True
Is 407693 a multiple of 16?
False
Is 4011365 a multiple of 600?
False
Is 5967510 a multiple of 5?
True
Does 30 divide 619560?
True
Is 9948410 a multiple of 60?
False
Does 115 divide 815840?
False
Is 3161816 a multiple of 131?
True
Is 98 a factor of 426202?
True
Does 607 divide 695015?
True
Does 4 divide 3278050?
False
Does 8 divide 1390640?
True
Does 61 divide 227091?
False
Is 672948 a multiple of 1206?
True
Is 679 a factor of 188083?
True
Is 1304514 a multiple of 253?
False
Is 150347 a multiple of 193?
True
Does 9 divide 807673?
False
Is 27 a factor of 146988?
True
Is 94251 a multiple of 64?
False
Is 64 a factor of 2515936?
False
Is 607502 a multiple of 49?
True
Is 469 a factor of 8178422?
True
Is 1101966 a multiple of 18?
False
Does 51 divide 61557?
True
Is 258 a factor of 6217742?
False
Is 11 a fac